is the highest common factor of c and 9?
3
Suppose 0 = a - 5*a + 144. Let s = 3 - -1. Calculate the highest common factor of a and s.
4
Suppose 5*d = -0*d + 30. Suppose 3*r + 0 = d. Calculate the greatest common divisor of 2 and r.
2
Suppose 30 = -0*g + g. Suppose -4*x - 26 = -j, -5*x + 197 = 4*j + g. Let b = 4 + j. What is the highest common divisor of b and 14?
14
Let k(g) = 44*g. Let d be k(1). Let j = d - 16. Calculate the highest common divisor of j and 14.
14
Suppose 3*j - 22 = -1. Let r be j - 3*(-6)/9. What is the greatest common divisor of 45 and r?
9
Suppose 0 = -6*u + 4*u + 22. Let z be (0 - 0/1)/2. Suppose c + z*c - 1 = 0. Calculate the highest common factor of u and c.
1
Suppose 4*t = w + 28, -5*w - 40 = -4*t - w. Let n(d) = d**2 + 6*d - 4. Let j be n(-7). What is the highest common factor of j and t?
3
Let d = -80 - -88. Calculate the greatest common divisor of 8 and d.
8
Let d(k) = -k**3 + 2*k - 1. Let j be d(-2). Let g(v) = 2*v**2 + v. Let f be g(j). Calculate the highest common divisor of f and 14.
7
Suppose -8*l - 72 = -4*l. Let k = -7 - l. Calculate the greatest common divisor of k and 55.
11
Let h(b) = -b**3 + b**2 - 2*b - 32. Let x be h(0). Let s = -23 - x. Let d(n) = -10*n + 5. Let z be d(-4). Calculate the highest common divisor of z and s.
9
Let g = 12 + 2. Let y be (46/6)/(2/(-6)). Let m = y - -163. What is the greatest common factor of m and g?
14
Let r = -18 - -30. What is the greatest common divisor of 324 and r?
12
Let l(b) = 156*b. Let w be l(-1). Let v be (-8)/(-20) + w/(-10). Calculate the greatest common factor of 2 and v.
2
Let d = -4 + 6. Let w be (d/(-5))/(1/(-10)). What is the highest common divisor of 4 and w?
4
Suppose -154 + 494 = 3*g - 4*c, -g = 5*c - 88. Calculate the greatest common factor of g and 12.
12
Let a(u) = u**2 + 7*u - 32. Let g be a(-11). Calculate the greatest common divisor of g and 36.
12
Let i(z) = z**2 + z + 1. Let b be (-1 + -1)/((-4)/10). Let l be i(b). Suppose -77 = -3*a + l. What is the highest common factor of a and 24?
12
Let n(t) = -2. Let u(b) = -b + 3. Suppose 3*y - 20 = 8*y. Let z(h) = y*n(h) - 3*u(h). Let v be z(3). Calculate the greatest common divisor of v and 72.
8
Suppose 10 = -g + 3*g, g + 115 = 2*d. Let p be (-1)/3 + 844/12. Suppose 12 = -3*r - v + 55, -4*r + 5*v + p = 0. What is the highest common divisor of d and r?
15
Let r(m) = 12*m**2 - m - 1. Let z be r(1). What is the greatest common divisor of z and 10?
10
Let g(h) = 2*h**2 - 4*h. Let a be g(3). Suppose 4*i - 2*k - 174 = 0, 5*k = 3*i + 17 - 158. Calculate the greatest common divisor of i and a.
6
Let y be 20/3*18/15. Let q(f) = -f**2 - 8*f - 5. Let j be (-200)/30 - (-1)/(-3). Let w be q(j). What is the highest common divisor of y and w?
2
Let y be 27/((-2)/(-16)*6). What is the highest common factor of 12 and y?
12
Suppose 0 = -5*r + 5*q + 5, -r - q - 4 + 13 = 0. Suppose -41 - 49 = -r*v. Calculate the greatest common divisor of 6 and v.
6
Suppose 3*x - 160 = -x. Let n = 57 - x. Let m = -5 + n. Calculate the highest common factor of m and 72.
12
Suppose -2*b - 2 = 2*s, -5*b - 9 = 11. Suppose 4*v = 2*z + 182, -s*v + 0*z + 139 = -4*z. Let m = 51 - 21. What is the highest common factor of m and v?
15
Let z = -55 + 133. Let h = z - 8. Suppose s = -2*l + h, -2*l = -3*s - 59 - 11. What is the greatest common divisor of l and 14?
7
Let f(r) = -r**3 - 14*r**2 + 14*r + 5. Let i be f(-15). What is the greatest common divisor of 8 and i?
4
Let m be (50/(-8))/((-3)/12). Let x(z) = 3*z**3 - 4*z**2 - 9*z - 5. Let f be x(5). What is the greatest common factor of f and m?
25
Let c(n) = -n**3 + n**2 - n + 18. Let s be c(0). Let v = 2 + 1. Suppose 5*d + 3 = -2, 5*q + v*d - 132 = 0. What is the greatest common factor of q and s?
9
Suppose 4*t - 27 = -3*a + t, 3*t = 4*a - 57. Let w = -50 + 7. Let d = 103 + w. Calculate the greatest common factor of a and d.
12
Let t be (-4 - 48/(-21))*(-126)/4. Calculate the greatest common divisor of t and 81.
27
Let q(b) = -b**3 + b**2 + b. Let a be q(-3). Let f be ((-4)/(-3))/(4/66). What is the greatest common factor of a and f?
11
Suppose 4*d + 6 = d. Let h be 3 + d*(-2)/2. Suppose 4*m - h*c + c + 8 = 0, m + 3*c = 18. What is the greatest common divisor of m and 3?
3
Suppose 1 + 13 = -2*g. Let c(w) = -18*w**2 - w. Let m be c(1). Let b be m/g - (-2)/7. Calculate the highest common divisor of b and 18.
3
Let i be (-5)/(-4) + (-3)/12. Let n be 136/(-4)*i/(-2). Suppose 9*a + 73 = 4*r + 4*a, 0 = -5*r - a + 84. What is the highest common divisor of n and r?
17
Let g = -8 - -18. Let r(l) = -l**3 - 3 - 1 + 7 + l + 10*l**2. Let n be r(g). What is the highest common divisor of 130 and n?
13
Let m be 20/(-6)*3/(-2). Suppose 308 = m*l + 4*j, -4*l + 336 = 3*j + 90. Suppose 12 = n - 0*n. What is the highest common factor of l and n?
12
Let c = -24 + 27. Let j = 5 - 2. Calculate the greatest common factor of c and j.
3
Suppose 14*u - 7*u = 84. What is the highest common divisor of 72 and u?
12
Let c be 24/14 - (4 + 30/(-7)). Calculate the highest common divisor of c and 14.
2
Suppose 3*z + 3*d = -z + 601, -5*d - 25 = 0. Let i(c) = -c**2 - 10*c + 5. Let o be i(-9). What is the greatest common factor of o and z?
14
Let q(k) = k**3 + 3*k**2 - 9*k - 2. Let a be q(-4). What is the highest common factor of a and 2?
2
Suppose -3*m - 4*a = -191, 0 = 5*m - a - 2*a - 299. Let q = m + -43. Let s = q - -47. Calculate the highest common factor of s and 13.
13
Let l be 1*(4 - (0 + -1)). Suppose 4*i + 2*q - 714 = 0, 3*q = -l*i + 2*q + 897. Suppose -6*k - 3*k = -180. What is the greatest common divisor of i and k?
20
Let w(z) = 2*z**2 - 3*z + 3. Let p be w(2). What is the highest common divisor of 15 and p?
5
Suppose 2*j + j - 378 = 0. Suppose -4*n - 3*u = -22, -7 = -2*n - u + 3. Suppose -n*c + 20 + 36 = 0. Calculate the greatest common divisor of c and j.
14
Suppose 2*b = 5*y - 145 + 599, -3*b = -6. Let r = y - -222. Calculate the highest common divisor of 12 and r.
12
Let x be 1 - ((0 - 0) + -9). Suppose -16 = -24*b + 20*b. What is the greatest common divisor of b and x?
2
Let u = 1 - -7. Suppose u = g + 6. Suppose -n + 4*n - 24 = 0. Calculate the highest common factor of g and n.
2
Suppose 7*o = 3*o + 156. Let n = -9 + o. Calculate the highest common divisor of 5 and n.
5
Let a = -10 - -16. Let d be (-34)/a - (-8)/12. Let h(g) = 2*g**2 + g. Let n be h(d). What is the greatest common divisor of n and 9?
9
Let p(t) be the first derivative of t**4/4 + 2*t**3 + 5*t**2/2 + 4*t - 3. Let x be p(-5). Calculate the highest common factor of x and 32.
4
Let g(s) = s**2 - 3*s + 4. Let m be g(7). Suppose -1148 + 124 = -4*a. What is the highest common factor of a and m?
32
Suppose f - j - j - 39 = 0, -5*f - 5*j = -120. Calculate the highest common divisor of 116 and f.
29
Let g = 0 + 2. Suppose -g + 10 = 2*x. Let m(d) = 17*d - 2. Let q be m(2). Calculate the greatest common factor of x and q.
4
Let a(y) = y**2 + y + 16. Let b be a(0). Let q = 9 + 103. Calculate the greatest common factor of b and q.
16
Suppose -37 = -2*g + 5*u - 9, -u - 116 = -5*g. Let t = g - 11. Let p be (-181)/(-2) - (-1)/2. Calculate the highest common divisor of t and p.
13
Suppose 3*k - 62 = t, 6*k - k + 5*t - 110 = 0. Let q be (14/6)/(1/3). Calculate the highest common divisor of q and k.
7
Let q be 12/(-30) - (-24)/10. Suppose -2*t + 60 = q*t. Calculate the greatest common divisor of t and 165.
15
Let n(p) = 7*p - 12. Let y be n(8). What is the greatest common factor of 11 and y?
11
Let r be 4/(-8)*(-135 - -1). Suppose 8*u - o = 3*u + 280, u - r = -2*o. Let k be 186/10 + 4/10. Calculate the greatest common divisor of k and u.
19
Let q = -27 + 107. What is the greatest common divisor of 32 and q?
16
Suppose 0 = -p + 266 - 28. Calculate the greatest common factor of p and 14.
14
Let q = -2 - 5. Let m = q - -13. Let c(u) = u**2 - 6*u - 1. Let k be c(7). Calculate the highest common factor of k and m.
6
Let k(a) = -12*a. Let y be k(-4). Suppose y = 2*c - 44. Suppose c = -5*j + 136. Calculate the greatest common divisor of j and 9.
9
Suppose -5*k = -6*k + 2. What is the highest common factor of k and 8?
2
Let j(y) = 10*y**2 - y - 1. Let u be j(-1). What is the greatest common factor of 10 and u?
10
Suppose -2*f = -9 - 3. Suppose -f*w + w + 30 = 0. Calculate th